r when (6276/60 + 2 + -6)/((-5)/(-25)) is divided by 249?
5
Suppose -4*i - 6659 = -3*l, 48*l - 47*l + 2*i - 2193 = 0. What is the remainder when l is divided by 245?
4
Let q(b) = 66*b + 1915. What is the remainder when 427 is divided by q(-28)?
25
Let j = -14560 - -15298. Calculate the remainder when 747 is divided by j.
9
Let f = 1 + 23. Let a = -557 + 621. Calculate the remainder when a is divided by f.
16
Let w(s) be the third derivative of -s**5/60 - 25*s**4/24 + 50*s**3/3 - 90*s**2. Calculate the remainder when 30 is divided by w(-28).
14
Suppose -14*c + 8784 = 2*y, -7*c + 1257 = -5*c + y. What is the remainder when c is divided by 152?
19
Suppose 3*o - 2*o + 50 = 2*a, 0 = -3*o - 4*a - 200. Calculate the remainder when ((-19)/(285/(-80)))/((-2)/o) is divided by 40.
0
Let b = -60 + 62. Let h = -50 + b. Let r = -46 - h. What is the remainder when r is divided by 1?
0
Let y be 4/10 + (-36)/(-10). Suppose 0*v - 3*v + 2*l + 38 = 0, 3*v = -y*l + 14. Let s = 327238 + -327172. What is the remainder when s is divided by v?
6
Let k = 6 + 24. Let n = -13 + 74. What is the remainder when n is divided by (-21 + 1)*(-24)/k?
13
Let b = -12420 + 24938. What is the remainder when b is divided by 117?
116
Let x = -648 - -674. Let f(g) = -29*g - 52. Calculate the remainder when f(-7) is divided by x.
21
Let d = -723 + 989. Let k = -25 + 35. Calculate the remainder when d is divided by k.
6
Let y = -5896 - -8387. Calculate the remainder when y is divided by 86.
83
Let l be 1*((-3)/3 - 0). Suppose -2*r + 11 = -7*k, -61*k + 57*k - 149 = -5*r. Calculate the remainder when 2924/16 + l/(-4) is divided by r.
35
Let d = 3705 + -2006. Suppose 446 = 15*g - d. What is the remainder when g is divided by 71?
1
Let x(b) = 3*b**2 - 6*b - 5. Suppose 0 = 45*j - 82 - 184 - 274. What is the remainder when x(-6) is divided by j?
7
Let j(c) = -c**3 - 7*c**2 + 32*c + 53. What is the remainder when 75 is divided by j(-10)?
9
Let n(v) = v**3 + 28*v**2 + 46*v + 87. Let x be n(-26). Let g = 246 - x. What is the remainder when 14 is divided by g?
2
Suppose -399 = -0*a - 15*a - 99. Suppose 3*c - 245 = -2*c. What is the remainder when c is divided by a?
9
Let v(d) = 2750*d + 173. Calculate the remainder when v(1) is divided by 195.
193
Let f(t) = -2*t**3 - 110*t**2 - 212*t + 35. Suppose u = -b + 757 - 196, 0 = -4*b - 2*u + 2234. What is the remainder when b is divided by f(-53)?
31
Let s(w) = 920*w + 36. Calculate the remainder when s(1) is divided by 193.
184
Let t(x) = -x**2 + 21*x - 27. Let c(o) = 10*o - 13. Let r be c(3). What is the remainder when 109 is divided by t(r)?
27
Let u(k) = 5*k**2 - 13*k + 13. Let t be ((-15)/30)/((-1)/14). Suppose -y - 5*x + 2 + t = 0, 0 = 3*y + x - 41. Calculate the remainder when u(4) is divided by y.
13
Suppose -7*m + 18473 = 17675. Suppose 2*s + 88 + 54 = 0. Let x = s - -100. What is the remainder when m is divided by x?
27
Suppose -80*w + 2894 = -18*w - 4794. What is the remainder when 186 is divided by w?
62
Suppose f + 2 = u, -4 = -u - 2*f - 8. Suppose u = c + 5*s - 335, 5*c - 682 = 3*c - 4*s. What is the remainder when c is divided by 29?
26
Suppose 4*o = -115*j + 117*j + 31000, -5*j = 0. Calculate the remainder when o is divided by 228.
226
What is the remainder when (-1)/4 - (-90)/(-144)*-1426 is divided by 149?
146
Let w(l) = -l**3 - 14*l**2 + 23*l - 47. Calculate the remainder when 486 is divided by w(-16).
1
Calculate the remainder when 56/252 - (19915/(-9) - (-12)/4) is divided by 201.
200
Suppose -450*k + 40211 = -9289. What is the remainder when k is divided by 2/(-9) - (-418)/18?
18
Suppose -3*d + 200*q = 205*q - 58, 3*q + 87 = 4*d. What is the remainder when 608 is divided by d?
20
Let k = 3995 - 3545. What is the remainder when k is divided by 87?
15
What is the remainder when (-6)/(2 + (-136)/66) is divided by (24/20)/((-34)/(-425))?
9
Let w(m) = -m**3 + 11*m**2 + 26*m - 185. Calculate the remainder when w(10) is divided by 174.
1
Suppose -110*c - 69693 = -123*c. What is the remainder when c is divided by 9?
6
Suppose 4*a - 303 = -5*r + 5*a, 5*a + 234 = 4*r. What is the remainder when (5505/6)/5 - (-18)/(-12) is divided by r?
60
Suppose 3*k = -3*h - 48 + 261, 4*h + 16 = 0. Let p = -39 + k. Suppose -l = 10 - p. Calculate the remainder when 100 is divided by l.
22
Suppose -u + 48 = -0*u + 2*f, 0 = -u - 4*f + 64. Calculate the remainder when 572 is divided by u.
28
Suppose 0 = -4*m + 3*f + 3032, m - f - 1099 = -343. What is the remainder when m is divided by 59?
56
Suppose 12*i = -3*d + 7*i + 1509, d + 4*i - 496 = 0. Let w = d - 493. Calculate the remainder when (2/(-1))/(4/(-86)) is divided by w.
13
Suppose -c = -1, 5*i = -5*c + 1492 + 4723. What is the remainder when i is divided by 104?
98
Suppose 10*o + 170 + 380 = 0. Let f = o - -48. What is the remainder when 2*1 + f/(-14)*54 is divided by 15?
14
Let v = 467 + -474. What is the remainder when (-5)/1 - (739 - 4)/v is divided by 29?
13
Let y(q) = -4*q + 6. Let i be y(-6). Suppose 7*s = 2*s + i. Suppose 23*a - 2*m = 19*a + 102, 0 = -a + 5*m + 48. What is the remainder when a is divided by s?
5
Let i = -395 + 385. Calculate the remainder when -1*297/(i - -7) is divided by 20.
19
Suppose -3*n + 161 = -2*j, -3*n = 4*j - 210 + 37. What is the remainder when n is divided by 15?
10
Suppose a - 2*f - 14 = 0, -5*f - 5 = -5*a + 45. Suppose q - a + 6 = 0. Suppose 6*v + g = 3*v + 398, g - 5 = q. What is the remainder when v is divided by 33?
32
Let t(z) = 2*z**2 - 46*z + 3. Let p be t(23). Suppose -p*a = 3*n - 30, -25 = -5*n + a + 43. What is the remainder when 19 is divided by n?
6
Let t be -20*((-93)/15 - -5). Suppose -4*q + 17 = 2*n - 69, 3*q - 5*n = 84. What is the remainder when (1 - t/18)*-198 is divided by q?
20
Suppose 0 = 7*x - 454 - 253. Suppose 5*m - c - 108 = 0, 8*m - 3*m - 99 = -2*c. What is the remainder when x is divided by m?
17
Let b be ((-45)/60)/((-5)/20). Suppose -b*y - 76 = -2*i - 23, 4*y - 167 = -5*i. Calculate the remainder when 58 is divided by i.
27
Let l = -1745 + 1754. What is the remainder when (20/30)/(2/618) is divided by l?
8
What is the remainder when 25 is divided by (-18)/(-42)*7 + (5 - -2)?
5
What is the remainder when (78 - -1*2) + -1 is divided by 3*(-6 - (-39 + 19))?
37
Let p = 358 + -177. Calculate the remainder when p is divided by 26.
25
Let z = 136 - 130. Let s be 3/(-2)*(-8)/z. What is the remainder when 69 is divided by 10 + 2 + 0/s?
9
Let h(n) = 9*n**2 - 247*n + 114. Let o be (-50)/8 - 14/(-56). Calculate the remainder when h(27) is divided by 12/(-10)*15/o.
0
Suppose -5*u + 1 = -4*u - j, -5*j = -2*u + 5. Suppose u = 8*v - 7*v - 460. What is the remainder when v is divided by 22?
20
Let m(h) = 3*h**3 - 64*h**2 - 32*h - 107. What is the remainder when 990 is divided by m(22)?
48
Let f = -135 + 315. Let b = 15582 + -15532. What is the remainder when f is divided by b?
30
Let w = -40 + 36. Let s = w - -93. Let r = 17 - -6. What is the remainder when s is divided by r?
20
Let o(u) = -11*u + 522. What is the remainder when 1520 is divided by o(18)?
224
Let s(u) = 35*u**3 + 5*u**2 - 14*u + 29. What is the remainder when s(2) is divided by 38?
35
Suppose 4*p + 13 = 3*h - 10, -5*p = 10. Suppose 0 = h*t - 4*t + 4. Calculate the remainder when 35 is divided by (-2)/t + 42/4 + 1.
11
Let a = 4 + -59. Let q be 40/(-32)*(a + -1). Suppose y + 4*x - 29 = 0, -5*y + 0*y - 5*x + q = 0. What is the remainder when 42 is divided by y?
6
Let q(k) = -87 + 85 + 3*k**2 - 6*k - 4*k**2 + 2*k**2. Let c be q(7). Calculate the remainder when 11 + (6/c)/((-2)/5) is divided by 3.
2
Let y = -2242 + 2264. What is the remainder when 395 is divided by y?
21
Suppose -2*w = -6*o + o, -w - 13 = 4*o. Calculate the remainder when 314 is divided by 7*(-16)/280 + (-397)/w.
77
Let x = 4974 - 4430. Calculate the remainder when 1660 is divided by x.
28
Suppose -18*r = 52*r + 27*r - 10379. Calculate the remainder when 642 is divided by r.
0
Let x(i) be the second derivative of i**3/2 - 9*i**2/2 - 15*i. Let j be x(7). Let l = -9 + j. Calculate the remainder when l is divided by 3.
0
Let u(p) be the second derivative of 2*p**3/3 - 15*p**2 - p. Let c = 21007 - 20997. What is the remainder when 14 is divided by u(c)?
4
Let b(z) = -z**3 + 71*z**2 + 126*z - 3761. Suppose -105 = 4*d + 115. Let l = 